ctors of 46759?
19, 23, 107
List the prime factors of 15965.
5, 31, 103
List the prime factors of 3233.
53, 61
What are the prime factors of 5868?
2, 3, 163
What are the prime factors of 37272?
2, 3, 1553
List the prime factors of 4219.
4219
What are the prime factors of 7803?
3, 17
List the prime factors of 31410.
2, 3, 5, 349
List the prime factors of 13473.
3, 499
What are the prime factors of 43794?
2, 3, 811
List the prime factors of 2143.
2143
What are the prime factors of 19417?
19417
What are the prime factors of 1826?
2, 11, 83
List the prime factors of 737.
11, 67
List the prime factors of 11138.
2, 5569
List the prime factors of 100.
2, 5
List the prime factors of 676.
2, 13
List the prime factors of 526.
2, 263
List the prime factors of 9357.
3, 3119
List the prime factors of 2636.
2, 659
What are the prime factors of 6310?
2, 5, 631
What are the prime factors of 23182?
2, 67, 173
List the prime factors of 16330.
2, 5, 23, 71
What are the prime factors of 68889?
3, 22963
List the prime factors of 1009.
1009
List the prime factors of 5562.
2, 3, 103
What are the prime factors of 47920?
2, 5, 599
What are the prime factors of 19550?
2, 5, 17, 23
List the prime factors of 4873.
11, 443
List the prime factors of 151205.
5, 30241
What are the prime factors of 9889?
11, 29, 31
What are the prime factors of 4037?
11, 367
List the prime factors of 685.
5, 137
List the prime factors of 3955.
5, 7, 113
What are the prime factors of 1738?
2, 11, 79
List the prime factors of 3762.
2, 3, 11, 19
What are the prime factors of 2347?
2347
List the prime factors of 6399.
3, 79
What are the prime factors of 8407?
7, 1201
List the prime factors of 7465.
5, 1493
What are the prime factors of 2651?
11, 241
What are the prime factors of 16126?
2, 11, 733
What are the prime factors of 8506?
2, 4253
List the prime factors of 26075.
5, 7, 149
List the prime factors of 58535.
5, 23, 509
What are the prime factors of 1823?
1823
What are the prime factors of 163?
163
What are the prime factors of 199?
199
What are the prime factors of 26946?
2, 3, 499
What are the prime factors of 42509?
42509
List the prime factors of 207.
3, 23
List the prime factors of 5531.
5531
List the prime factors of 12542.
2, 6271
List the prime factors of 83980.
2, 5, 13, 17, 19
List the prime factors of 130334.
2, 65167
What are the prime factors of 24168?
2, 3, 19, 53
List the prime factors of 1565.
5, 313
What are the prime factors of 9023?
7, 1289
List the prime factors of 12994.
2, 73, 89
What are the prime factors of 20126?
2, 29, 347
List the prime factors of 57831.
3, 37, 521
List the prime factors of 19151.
11, 1741
List the prime factors of 1722.
2, 3, 7, 41
List the prime factors of 17219.
67, 257
List the prime factors of 1658.
2, 829
List the prime factors of 67630.
2, 5, 6763
What are the prime factors of 11661?
3, 13, 23
List the prime factors of 884.
2, 13, 17
List the prime factors of 22878.
2, 3, 31, 41
List the prime factors of 861.
3, 7, 41
List the prime factors of 346.
2, 173
List the prime factors of 94399.
94399
What are the prime factors of 2197?
13
What are the prime factors of 222?
2, 3, 37
What are the prime factors of 2258?
2, 1129
What are the prime factors of 3095?
5, 619
List the prime factors of 1297.
1297
List the prime factors of 128147.
128147
List the prime factors of 535.
5, 107
List the prime factors of 1052.
2, 263
List the prime factors of 104.
2, 13
What are the prime factors of 2407?
29, 83
What are the prime factors of 1839?
3, 613
What are the prime factors of 57545?
5, 17, 677
What are the prime factors of 75926?
2, 37963
What are the prime factors of 5097?
3, 1699
List the prime factors of 558.
2, 3, 31
What are the prime factors of 10066?
2, 7, 719
List the prime factors of 115751.
115751
What are the prime factors of 100470?
2, 3, 5, 17, 197
List the prime factors of 2633.
2633
List the prime factors of 495.
3, 5, 11
List the prime factors of 550.
2, 5, 11
What are the prime factors of 371?
7, 53
What are the prime factors of 17938?
2, 8969
What are the prime factors of 1560?
2, 3, 5, 13
List the prime factors of 132.
2, 3, 11
What are the prime factors of 25005?
3, 5, 1667
List the prime factors of 42024.
2, 3, 17, 103
What are the prime factors of 3139?
43, 73
What are the prime factors of 11968?
2, 11, 17
What are the prime factors of 862?
2, 431
List the prime factors of 1375.
5, 11
List the prime factors of 1001.
7, 11, 13
List the prime factors of 13406.
2, 6703
What are the prime factors of 2650?
2, 5, 53
What are the prime factors of 387?
3, 43
What are the prime factors of 460?
2, 5, 23
What are the prime factors of 10363?
43, 241
What are the prime factors of 108996?
2, 3, 31, 293
List the prime factors of 11807.
11807
What are the prime factors of 365?
5, 73
List the prime factors of 2934.
2, 3, 163
What are the prime factors of 3555?
3, 5, 79
List the prime factors of 27159.
3, 11, 823
List the prime factors of 496.
2, 31
What are the prime factors of 5523?
3, 7, 263
What are the prime factors of 37573?
37573
List the prime factors of 4117.
23, 179
List the prime factors of 6443.
17, 379
List the prime factors of 17132.
2, 4283
What are the prime factors of 2424?
2, 3, 101
List the prime factors of 1127.
7, 23
List the prime factors of 9743.
9743
What are the prime factors of 15663?
3, 23, 227
What are the prime factors of 18286?
2, 41, 223
What are the prime factors of 21312?
2, 3, 37
List the prime factors of 1087.
1087
List the prime factors of 1129.
1129
What are the prime factors of 2529?
3, 281
List the prime factors of 2128.
2, 7, 19
What are the prime factors of 10858?
2, 61, 89
What are the prime factors of 14928?
2, 3, 311
What are the prime factors of 99720?
2, 3, 5, 277
List the prime factors of 1035.
3, 5, 23
What are the prime factors of 144611?
144611
What are the prime factors of 17553?
3, 5851
What are the prime factors of 9821?
7, 23, 61
What are the prime factors of 66587?
66587
List the prime factors of 5315.
5, 1063
List the prime factors of 39081.
3, 7, 1861
What are the prime factors of 2552?
2, 11, 29
List the prime factors of 2264.
2, 283
List the prime factors of 664.
2, 83
List the prime factors of 808.
2, 101
What are the prime factors of 6283?
61, 103
What are the prime factors of 24453?
3, 11, 13, 19
What are the prime factors of 849?
3, 283
List the prime factors of 121660.
2, 5, 7, 11, 79
List the prime factors of 22036.
2, 7, 787
What are the prime factors of 55613?
19, 2927
What are the prime factors of 19020?
2, 3, 5, 317
What are the prime factors of 36631?
7, 5233
List the prime factors of 5166.
2, 3, 7, 41
List the prime factors of 1341.
3, 149
What are the prime factors of 7826?
2, 7, 13, 43
What are the prime factors of 460?
2, 5, 23
What are the prime factors of 863?
863
List the prime factors of 7243.
7243
List the prime factors of 25698.
2, 3, 4283
List the prime factors of 51616.
2, 1613
What are the prime factors of 596?
2, 149
List the prime factors of 476.
2, 7, 17
What are the prime factors of 1077?
3, 359
What are the prime factors of 4896?
2, 3, 17
List the prime factors of 43194.
2, 3, 23, 313
List the prime factors of 1492.
2, 373
What are the prime factors of 16406?
2, 13, 631
What are the prime factors of 27696?
2, 3, 577
List the prime factors of 127918.
2, 7, 9137
List the prime factors of 4844.
2, 7, 173
What are the prime factors of 34657?
7, 4951
List the prime factors of 1264.
2, 79
List the prime factors of 1683.
3, 11, 17
What are the prime factors of 1621?
1621
List the prime factors of 112551.
3, 37517
What are the prime factors of 8128?
2, 127
What are the prime factors of 12197?
12197
What are the prime factors of 20295?
3, 5, 11, 41
What are the prime factors of 1533?
3, 7, 73
List the prime factors of 5094.
2, 3, 283
List the prime factors of 21.
3, 7
What are the prime factors of 70921?
70921
What are the prime factors of 1007?
19, 53
What are the prime factors of 13242?
2, 3, 2207
What are the prime factors of 25227?
3, 2803
List the prime factors of 48759.
3, 16253
What are the prime factors of 966?
2, 3, 7, 23
List the prime factors of 35670.
2, 3, 5, 29, 41
What are the prime factors of 561?
3, 11, 17
What are the prime factors of 2557?
2557
List 